2*t. What is the units digit of k?
7
Let l(d) be the second derivative of -d**5/10 + 5*d**4/6 + 4*d**3/3 - 6*d**2 - 105*d. What is the tens digit of l(-6)?
3
Let r(z) = -330*z**3 - z**2 + 2*z + 3. Let j be r(-1). Suppose -b + j = 41. Suppose 6*u = b + 47. What is the tens digit of u?
5
Let y be (-2)/10 + 603*(-4)/(-60). Let a = y + -16. What is the units digit of a?
4
Let g = -99 + 95. Let u(m) = -m**2 - 8*m - 7. What is the units digit of u(g)?
9
Let s(p) = 8*p**2 + 3*p - 2. Let k be s(1). Let g(m) = -7 + m - k*m - 4 + 3. What is the tens digit of g(-3)?
1
Let k = 858 - -77506. What is the thousands digit of k?
8
Suppose -38*d + 2406 = -35*d. Suppose -4*o + 4*a - 24 = 0, -2*o - 3*o + 2*a - 45 = 0. What is the units digit of d/4 + ((-66)/(-12))/o?
0
Suppose 12 = -4*w + 4. Let o(u) = -u**3 - 3*u**2 - 6*u - 2. Let p be o(w). Suppose 66 = p*y - 5*y. What is the units digit of y?
6
Suppose -4*i - 7*i = 44. Let j = 9 + i. Suppose 4*s = 4, j*s = 3*l + 2*l - 410. What is the tens digit of l?
8
Suppose -3*a - 4 - 17 = 0. Let g be (0/a)/(1 - 2). What is the units digit of 186/310 + g + (-14)/(-10)?
2
Let l be (11/2)/((-8)/128). Let f = 71 - l. What is the hundreds digit of f?
1
Let j = 568 - 1264. Let q = j + 953. What is the units digit of q?
7
Let k = 13864 - -2614. What is the hundreds digit of k?
4
Let p be 3/(6/(-8))*((-9954)/168 - -35). Suppose -3*l + 5*m + 1232 = l, -l = -5*m - 293. Let r = l - p. What is the units digit of r?
6
Suppose -2*m = -140*q + 137*q + 1739, 2 = -2*m. What is the units digit of q?
9
Let w = -57 - -132. Let v = w + -73. Suppose -5*f - 2 = 3*a + v, 2 = 5*f + a. What is the units digit of f?
1
Suppose -44 = -w + 4*t - 6, 4*t - 76 = -2*w. Suppose -10*f - w - 12 = 0. What is the tens digit of (-251)/(-2) + f/(60/18)?
2
Let g = 522 - 524. Let p be -5 + (-1 - -3) + -1. What is the tens digit of (p/3 - g)*141?
9
Let d(c) = 125 - 52*c - 125. Let j be d(-1). Suppose -b = 5*g - 72, -4*g + 0*g + 2*b + j = 0. What is the units digit of g?
4
Suppose -5*h + 7*h - 168 = 0. Suppose -h*c = -85*c. Suppose -558 = -c*b - 6*b. What is the units digit of b?
3
Let k be 5/((-5)/(-4)) - (-27)/9. Suppose -k*i + 1405 + 1619 = 0. What is the tens digit of i?
3
Let l(j) = -j**2 + 10*j + 18. Let h(y) be the second derivative of -2*y**3/3 - 3*y**2 - 8*y. Let q be h(-3). What is the units digit of l(q)?
2
Let p(t) = 157*t + 100*t - 17*t - 33*t + 4. What is the units digit of p(3)?
5
Let k be 440/28 + (-2)/(-7). Suppose 0 = -3*s + k - 19. What is the tens digit of 6*s/((-6)/105)?
0
Let f(i) = i**2 - 7*i - 3. Let a(c) = 1. Let u(z) = 2*a(z) - f(z). Let h be u(4). Suppose 15*m - h*m + 338 = 0. What is the tens digit of m?
6
Let n(v) = 86*v**3 + 2*v. Let j(r) = -r**2 + 13*r - 38. Let b be j(8). What is the tens digit of n(b)?
9
Suppose -l + 2106 = 2*l. Suppose 3*c = 2*a + 2*a + 527, -4*c + 5*a = -l. Suppose -3*y - 17 = -c. What is the units digit of y?
2
Let s be 84 + 3 - 4/(-4). Suppose 3*k - s = 2*p - 7*p, -5*k = -4*p + 63. What is the tens digit of p?
1
Let r be (-468)/84 + (-4)/(-7). Let h be (-188)/6*(-1 + r). Suppose -14*w = -10*w - h. What is the units digit of w?
7
Suppose -2*a + 4*h - 204 = 0, -h - h = a + 86. Let o = a + 98. Suppose -m - 5*b - 160 = -o*m, 3*b + 107 = 2*m. What is the units digit of m?
5
Let r(h) = -3143*h - 15502. What is the thousands digit of r(-17)?
7
Suppose 4*i + 6*m - 9*m = -13, -m = -3. What is the tens digit of (-228)/i - (24 + -27)?
3
Let s(a) = 7*a**2 + 6*a + 1098 - 1095 - 44*a. What is the tens digit of s(6)?
2
Let d(s) = -8*s**3 - 15*s**2 - 10*s - 10. Let l = -291 - -287. What is the tens digit of d(l)?
0
Suppose -54*g + 14*g = 44*g - 4997328. What is the hundreds digit of g?
4
Suppose 2*z - 6*l - 2468 = -9*l, 2*z - 2488 = 2*l. Suppose z + 1620 = 5*g. What is the hundreds digit of g?
5
Let i = 43 - 11. Let c be (i - 33)/((-2)/(-196)). Let s = -30 - c. What is the tens digit of s?
6
Suppose h + 18 = 4*h. Suppose -2*q = -h*f + 3*f - 19, f = -q - 3. Suppose -5*r + q*n + 173 + 210 = 0, -4*r + 312 = -3*n. What is the tens digit of r?
7
Let w(d) = -1525*d**3 + 23*d**2 + 21*d. What is the tens digit of w(-1)?
2
Let t = 254 - 475. Let k be -392 + 10 + 1 + -5. Let w = t - k. What is the units digit of w?
5
Let p be 1 - 0 - 15/25*-5. Suppose 4*t - p*g = 1300, 8*t - 3*t - g = 1637. What is the tens digit of t?
2
Suppose 544*g - 536*g - 109384 = 0. What is the hundreds digit of g?
6
Let m be (-16)/4 + 3 + 3. Suppose 1745 = 3*z - 2*k, -2*z + m*k - 580 = -1746. What is the units digit of z?
9
Let t(b) = b**2 - 3*b - 4. Let r be t(7). Let u be 4/(-16) + 3/r*2. Suppose 4*o + 3*c - 834 = u, 4*o + c - 93 - 745 = 0. What is the tens digit of o?
1
Let v = 743 - 516. Suppose t = 179 + v. What is the hundreds digit of t?
4
Suppose 0 = x + 14 - 16. Let c = x - 2. Suppose -5*w + 16 = a, 3*a + w - 4*w - 102 = c. What is the units digit of a?
1
Suppose -p - 4*i + 67 = 0, -3*p + 289 = 3*i + 106. Suppose 0 = 6*a - 1447 - p. Suppose 5*q - 221 = -2*g, 0*q - a = -2*g + q. What is the hundreds digit of g?
1
Let u(q) be the second derivative of -q**5/10 - 73*q**4/12 - 31*q**3/3 - 9*q**2 - 95*q. What is the units digit of u(-36)?
8
Let j be -12*((-150)/408 + 2/17). Suppose -j*g + 680 = -5*p, 2*g + 2*p = 6*p + 450. What is the hundreds digit of g?
2
Let p(d) = d**3 - 94*d**2 - 241*d + 485. What is the hundreds digit of p(100)?
3
What is the units digit of (-2550)/4*(518/(-35) - -10)?
0
Let f be -1*(7/14 - (-2)/(-4)). Suppose f = -22*a + 148 + 50. What is the units digit of a?
9
Let n(t) = -t**3 - 6*t**2 + t - 20. Let b = -518 - -505. What is the hundreds digit of n(b)?
1
Suppose 837*c = 832*c - 12215. Let d = 3420 + c. What is the tens digit of d?
7
Let x be -2*(8/(-14) + (-27)/63). Suppose g - 477 = -x*v, -4*v + 5*g = 10*g - 945. What is the hundreds digit of v?
2
Suppose -3764816 = -119*b + 2972369. What is the ten thousands digit of b?
5
What is the hundreds digit of (-22 - (-3270)/150) + 142766/5?
5
Let r = -5 + 19. What is the tens digit of 27/2*r/3?
6
Let y(v) = 5*v + 9. Let o(x) = -4*x - 11*x + 23*x - 7*x. Let z(g) = 6*o(g) - y(g). What is the units digit of z(14)?
5
Suppose 0 = 12*t + 2*t - 42. Let o(q) = -36*q**2 + 12*q - 11. Let n(z) = -36*z**2 + 13*z - 11. Let b(a) = 3*n(a) - 4*o(a). What is the units digit of b(t)?
8
Let l(s) = -269*s + 4922. What is the units digit of l(0)?
2
Let p be (-5 - (-69)/(-9))/((-1)/(-6)). Let c = p - -103. Suppose -4*l + c = -l. What is the units digit of l?
9
Suppose -129 = 6*x - 9. Suppose -3*r - 50 = 91. Let u = x - r. What is the tens digit of u?
2
Let v = -134 + 138. Suppose -4*u + 2*j = -1246, 4*u + 8*j - v*j = 1276. What is the units digit of u?
4
Suppose -453665 = -62*f + 194421. What is the ten thousands digit of f?
1
Let h(p) = 164*p + 33. Suppose 0 = 7*z - 56 + 14. What is the thousands digit of h(z)?
1
Let c(w) = -40*w + 128. Let j = -513 - -496. What is the units digit of c(j)?
8
Suppose -21*u + 4397 = 1457. Let p(t) = 4*t - 3. Let o be p(2). Suppose 0 = 5*b - q - 243, 379 = o*b - 3*q + u. What is the units digit of b?
9
Let j(r) = 2*r**2 - 2*r - 6. Let d be j(3). Suppose 3*x - 84 = -4*k + 8*x, 2*k - 5*x - 32 = 0. What is the tens digit of 9/d*(k + 8)?
5
Let n be -20*22/(-4) + (-8)/(-2). Let f = n + -95. What is the tens digit of (-6)/10*(-1 + f/(-1))?
1
Suppose -4*c - 16 = -4*t, 5*t - c = -0*c + 28. What is the hundreds digit of (-558)/(-4) + (-3)/t?
1
Let j = 15150 - 8017. What is the tens digit of j?
3
Let x = -680 - -618. Let p = 1519 - x. What is the hundreds digit of p?
5
Let u = -550 - -4402. What is the hundreds digit of u?
8
Let n(g) = -9*g - 72. Let y be n(-8). Suppose -2*h - 3*v + 1669 - 563 = y, 2*h = -v + 1098. What is the hundreds digit of h?
5
Let u(x) = 62*x + 64 - 32*x - 32*x. Let i be u(29). What is the tens digit of (6208/48)/(4/i)?
9
Let r(s) = s**2 + 148. Let b be r(-24). Let o = b + 932. What is the hundreds digit of o?
6
Let m be (-16 - (-32)/4) + 8. Suppose 5*f = 4*q + 8809, 3527 = 2*f - 5*q - m*q. What is the thousands digit of f?
1
Suppose 5*t = -3*u - 151 - 40, -4*u - 276 = -4*t. Let j = 234 + u. What is the tens digit of j?
6
Let n be (-8)/(-60) - (-6028)/15. Suppose -2*g - n = -2*d, 2*g + 993 = 5*d + g. What is the tens digit of d?
9
Let b = 176 - 132. Suppose -2*s + 